of c and 18.
9
Let o(i) = -i**3 - 4*i**2 + 3. Let q be o(-4). Let d(x) = -5*x + 5. Let t be d(-2). Let g be -2*(-1)/(q/t). Calculate the highest common factor of g and 15.
5
Suppose 5*f + 3 = 23. Calculate the highest common divisor of f and 4.
4
Let z = -1 - -10. Let f = z + -2. What is the highest common divisor of f and 49?
7
Let h(a) = a**3 + 28*a**2 + 25*a + 10. Let u be h(-27). Suppose -35 = -5*t + 5. Let o be (0 - (-3 - -2))*t. Calculate the highest common divisor of o and u.
8
Suppose -2*m + 5*w = -0*m + 1, 6 = 4*m - 2*w. Suppose 33 = -5*c + m*c. Let b be 0 + c*2/(-2). What is the highest common divisor of b and 44?
11
Let i be ((4 - 6) + 3)/1. What is the greatest common divisor of i and 5?
1
Suppose -m = -3*l + 25 + 5, -4*m - 75 = -3*l. Let q(d) = d + 29. Let w be q(m). Calculate the greatest common factor of 154 and w.
14
Suppose -7 = -j - 1. Let n(o) = -6*o - 3. Let h(k) = -2*k - 1. Let u(p) = -14*h(p) + 4*n(p). Let x be u(j). Calculate the greatest common divisor of x and 13.
13
Suppose -5*x - 12 = -102. Calculate the highest common divisor of 90 and x.
18
Let x be 1/(-2) + (-405)/(-10). Let i(d) = -d**2 + 10*d - 4. Let w be i(6). What is the highest common factor of x and w?
20
Let q(f) = f + 9. Let o be q(-7). What is the highest common factor of 4 and o?
2
Suppose 4*t - 3 = 9. Let l = 2 + 0. Calculate the highest common factor of t and l.
1
Suppose b = -4*o - 3*b + 20, -4*o + b = -45. What is the highest common divisor of o and 40?
10
Let p(n) = 11*n + 4. Let k be p(-3). Let m = k - -42. Calculate the highest common divisor of m and 117.
13
Let h be (-1 + -29)*(-2)/2. What is the greatest common factor of h and 75?
15
Let p = -35 + 102. Suppose p = 2*g + 27. Let k = -31 - -81. What is the greatest common divisor of g and k?
10
Let x(w) = 3*w**3 + 3*w**2 - 3*w + 3. Let o be x(2). Let i = -2 + 5. Calculate the highest common factor of i and o.
3
Suppose 0 = -2*y + 8, 2*u = 3*u - y - 14. Suppose -45 + u = -3*q. Suppose -3*m + 146 + 70 = 0. Calculate the greatest common factor of q and m.
9
Suppose 11 = 3*j + 4*t, 6*t - 3 = 3*j + 3*t. Calculate the greatest common divisor of 4 and j.
1
Let x(a) = 2*a**3 - 4*a**2 + a - 2. Let w be x(3). Let n = 68 + -47. Let s = 36 + n. What is the highest common divisor of s and w?
19
Let c(d) = 2*d**2 - 2*d + 7. Let z be c(3). What is the highest common factor of 38 and z?
19
Suppose 6*o - 5*o + y - 46 = 0, -5*o = 3*y - 226. Calculate the highest common divisor of o and 176.
44
Let m = -43 - -58. Calculate the highest common divisor of 6 and m.
3
Suppose -2*p - 6 = -4*p. Let z(r) = r**2 + 3*r - 7. Let a be z(-6). Suppose 0 = -p*j + j - 6, -j - a = -b. What is the greatest common factor of 72 and b?
8
Let i be (-3)/(-6)*-1*(-35 - 1). What is the highest common factor of 126 and i?
18
Let a = -14 - -32. Calculate the highest common factor of 45 and a.
9
Let o = 10 - -6. Calculate the highest common factor of 48 and o.
16
Suppose 3*z + 420 = -2*z. Let o be -2*1 + z/(-6). What is the greatest common factor of o and 60?
12
Let m(n) = n**3 + 5*n**2 + 2. Let z be m(-4). Let y = 6 - 2. Suppose y*t = 324 + 252. Calculate the greatest common factor of t and z.
18
Let q(y) = 2*y**2 + 2*y - 1. Suppose 0 = -4*z + 4. Let p be q(z). Calculate the greatest common divisor of 1 and p.
1
Let c(t) = -16*t**3 - 3*t**2 + t + 3. Let x be c(-2). Calculate the greatest common divisor of 13 and x.
13
Let v(k) = 11*k**2 + k**3 + 13 - 4*k**2 + 120*k - 113*k. Let l be v(-6). What is the highest common divisor of l and 35?
7
Let l = 14 - 10. Let d = -10 - -16. Let y = l + d. Calculate the highest common divisor of 40 and y.
10
Let h = -54 + 55. Calculate the greatest common divisor of h and 4.
1
Suppose -133 = -5*w + g, -84 = -3*w + 2*g - 0. What is the greatest common factor of 78 and w?
26
Let d(f) = f**2 + 31*f + 67. Let y be d(-29). What is the greatest common factor of 243 and y?
9
Suppose -68 = -h - 4*j, 3*h = 3*j + 122 + 97. Suppose y = -4*v + h, 88 + 137 = 4*y - 5*v. What is the greatest common divisor of 24 and y?
12
Let r(i) = i**2 - 15*i - 9. Let f be r(-6). Calculate the highest common factor of 26 and f.
13
Let m(t) = t + 39. Let d be m(-23). What is the highest common factor of 144 and d?
16
Suppose 10*a = 11*a - 1. What is the greatest common divisor of 5 and a?
1
Let j(l) = 2*l**2 + 4*l - 7. Let f be j(-5). Let d = 39 - f. What is the highest common factor of 4 and d?
4
Suppose q + 0*q - 4 = 0, -340 = -3*l - 4*q. Let w = l - 68. Let c = -2 - -7. What is the greatest common factor of w and c?
5
Let n be (-228)/(-5) + 42/(-70). Calculate the greatest common divisor of n and 15.
15
Suppose -4*v + 343 = -0*y + 3*y, 0 = 4*v + 4*y - 344. Calculate the greatest common divisor of 17 and v.
17
Let q be -9*1*(-85)/15. Let p(z) = 17*z**2. Let d be p(1). Calculate the highest common factor of d and q.
17
Suppose -f = 4*f - 125. Calculate the greatest common factor of 25 and f.
25
Let a(s) = -2*s + 8. Let i be a(-14). What is the highest common factor of 54 and i?
18
Let p be (8 - 8)*(-2)/4. Suppose 3*c + 3 - 9 = p. Suppose -16 = c*m - 66. Calculate the highest common factor of 10 and m.
5
Let j be -30*(-1)/6*3. Calculate the highest common factor of 60 and j.
15
Suppose 28 = -4*t - 4*f, -2*t - 5*f - 33 = 2*t. Let x be (30/(-4))/3*t. Calculate the highest common factor of x and 15.
5
Suppose -132 = -4*r + 2*o, 0 = -4*r + 3*o - 2*o + 132. Let b = -12 - -23. Calculate the highest common divisor of b and r.
11
Let i = -14 - -16. What is the greatest common factor of i and 1?
1
Suppose -5*c = -3*n + 40, 5*n - c = -0*c + 96. Calculate the highest common factor of 5 and n.
5
Suppose -12 = -2*z + 10. What is the highest common factor of 33 and z?
11
Let o(y) = -y + 3. Let u be o(6). Let a = 3 - u. Let c(s) = s**2 + 7*s + 4. Let i be c(-7). Calculate the greatest common factor of i and a.
2
Suppose -3 = -3*l + 4*l. Let s(k) = k + 11. Let x be s(l). Calculate the greatest common divisor of x and 1.
1
Let j = -3 + 9. What is the highest common factor of 4 and j?
2
Suppose -5*l = -2*w - 106, -4*l - 3*w + 116 = l. Calculate the highest common factor of l and 2.
2
Suppose 5*v + 31 = 6*v. What is the highest common factor of 31 and v?
31
Suppose 0 = 7*n - 6*n - 33. What is the greatest common divisor of n and 11?
11
Let o = -75 - -166. Calculate the highest common divisor of 13 and o.
13
Let w(s) = -s**2 - 13*s - 15. Let q be w(-12). Let f be (17 - (-4 + 1)) + q. Calculate the greatest common divisor of 119 and f.
17
Suppose 0 = 3*t - 4*l - 1363, 2*t - 1834 = -2*t - 3*l. Let s = 655 - t. What is the highest common factor of s and 18?
18
Let v(g) = g**2 - 10*g - 26. Let p be v(16). Calculate the highest common factor of 42 and p.
14
Let m be 2 - 1/((-2)/4). Let y be 1/(m/3 - 1). Suppose 2*p - 110 = -y*p. Calculate the greatest common divisor of p and 11.
11
Let v be (-27)/(2 + (-21)/6). Suppose v*w - 20*w = -196. What is the greatest common factor of 14 and w?
14
Let k = 27 + -7. Calculate the highest common factor of k and 5.
5
Suppose 100 = i + 4*w, 3*i - 3*w = i + 200. Let l be 3/(18/(-16))*-15. What is the highest common divisor of i and l?
20
Let b = -63 + 95. Let y be (0 - 6)/(6/(-8)). Calculate the highest common divisor of b and y.
8
Let j = -4 - -6. Calculate the greatest common factor of 4 and j.
2
Let y = 18 + -13. Calculate the greatest common divisor of y and 40.
5
Suppose 0 = 6*s - 13*s + 98. What is the highest common factor of 14 and s?
14
Suppose 0 = 4*z + 4*u - 2 - 2, -2 = -3*z - 4*u. Let s be -16 + (1 - -1) + -3. Let g = s + 31. What is the highest common divisor of z and g?
2
Let m = 17 + 2. Let w = m - 2. Calculate the greatest common factor of 102 and w.
17
Let v = 138 - -51. Calculate the highest common factor of v and 21.
21
Let z(t) = -t**3 + 6*t**2 - 4*t - 5. Let w be z(4). Let b = 2 - 2. Suppose b = -2*j - 0*j + 110. What is the highest common divisor of j and w?
11
Let z be 42/(-24) - (-1)/(-4). Let p be z/4 + (-82)/(-4). Let k be (-8)/(-20)*p*7. What is the greatest common factor of 7 and k?
7
Let k be (-2)/(-1*1/(-22)). Let t = -28 - k. Calculate the greatest common divisor of t and 16.
16
Suppose 5*i - 22 = -5*x + i, -x + 5*i - 13 = 0. Suppose 3*h - g + 21 = -17, x*h + 3*g + 29 = 0. Let l = 38 + h. What